{"id":5,"date":"2018-06-08T23:54:41","date_gmt":"2018-06-08T21:54:41","guid":{"rendered":"http:\/\/lgcm.fr\/index.php\/mesmerize\/"},"modified":"2021-04-01T14:21:56","modified_gmt":"2021-04-01T12:21:56","slug":"mesmerize","status":"publish","type":"page","link":"https:\/\/lgcm.fr\/","title":{"rendered":"La solution \u00e0 vos besoins"},"content":{"rendered":"<script  src=\"about:blank\" async=\"\"><span                                 data-mce-type=\"bookmark\" style=\"display: inline-block; width: 0px; overflow: hidden; line-height: 0;\" class=\"mce_SELRES_start\">\ufeff<\/span><span                                 data-mce-type=\"bookmark\" style=\"display: inline-block; width: 0px; overflow: hidden; line-height: 0;\" class=\"mce_SELRES_start\">\ufeff<\/span><span                                 data-mce-type=\"bookmark\" style=\"display: inline-block; width: 0px; overflow: hidden; line-height: 0;\" class=\"mce_SELRES_start\">\ufeff<\/span><span                                 data-mce-type=\"bookmark\" style=\"display: inline-block; width: 0px; overflow: hidden; line-height: 0;\" class=\"mce_SELRES_start\">\ufeff<\/span><span                                 data-mce-type=\"bookmark\" style=\"display: inline-block; width: 0px; overflow: hidden; line-height: 0;\" class=\"mce_SELRES_start\">\ufeff<\/span><span                                 data-mce-type=\"bookmark\" style=\"display: inline-block; width: 0px; overflow: hidden; line-height: 0;\" class=\"mce_SELRES_start\">\ufeff<\/span><span                                 data-mce-type=\"bookmark\" style=\"display: inline-block; width: 0px; overflow: hidden; line-height: 0;\" class=\"mce_SELRES_start\">\ufeff<\/span><span                                 data-mce-type=\"bookmark\" style=\"display: inline-block; width: 0px; overflow: hidden; line-height: 0;\" class=\"mce_SELRES_start\">\ufeff<\/span><span                                 data-mce-type=\"bookmark\" style=\"display: inline-block; width: 0px; overflow: hidden; line-height: 0;\" class=\"mce_SELRES_start\">\ufeff<\/span><span                                 data-mce-type=\"bookmark\" style=\"display: inline-block; width: 0px; overflow: hidden; line-height: 0;\" class=\"mce_SELRES_start\">\ufeff<\/span><span                                 data-mce-type=\"bookmark\" style=\"display: inline-block; width: 0px; overflow: hidden; line-height: 0;\" class=\"mce_SELRES_start\">\ufeff<\/span><span                                 data-mce-type=\"bookmark\" style=\"display: inline-block; width: 0px; overflow: hidden; line-height: 0;\" class=\"mce_SELRES_start\">\ufeff<\/span><\/script><script ><\/p>\n<p          >  window.dataLayer = window.dataLayer || [];<\/p>\n<p          >  function gtag(){dataLayer.push(arguments);}<\/p>\n<p          >  gtag('js', new Date());<\/p>\n<p                    ><meta                                 name=\"google-site-verification\" content=\"google2823b64c4aa07875.html\" \/><\/p>\n<p          ><!-- Global site tag (gtag.js) - Google Analytics --><\/p>\n<p          ><script                                 async src=\"https:\/\/www.googletagmanager.com\/gtag\/js?id=UA-134154614-1\"><\/script><script ><\/p>\n<p          >  window.dataLayer = window.dataLayer || [];<\/p>\n<p          >  function gtag(){dataLayer.push(arguments);}<\/p>\n<p          >  gtag('js', new Date());<\/p>\n<p          >  gtag('config', 'UA-134154614-1');<\/p>\n<p          ><\/script><div  id=\"presentation\" class=\"content-12 content-section content-section-spacing\" style=\"background-image: none; background-color: #ffffff;\" data-label=\"Presentation\" data-export-id=\"content-12\" data-category=\"content\" data-id=\"content-12\">\n<div  class=\"gridContainer\">\n<div  class=\"row text-center\">\n<div  class=\"section-title-col\" data-type=\"column\"><img  class=\"custom-image\" title=\"cropped-Site-1.png\" src=\"http:\/\/lgcm.fr\/wp-content\/uploads\/2020\/03\/cropped-Site-1.png\" alt=\"\"><\/div>\n<\/div>\n<div  class=\"row center-xs middle-xs\">\n<div  class=\"col-sm-9\" data-type=\"column\"><\/div>\n<\/div>\n<\/div>\n<\/div><div  id=\"equipe\" class=\"team-2 content-section content-section-spacing\" style=\"background-color: #ffffff; background-image: none;\" data-label=\"Equipe\" data-export-id=\"team-2\" data-category=\"team\" data-id=\"team--1\">\n<div  class=\"row text-center\">\n<div  class=\"section-title-col\" data-type=\"column\">\n<h2  class=\"\">Une fondatrice passionn\u00e9e<\/h2>\n<p  class=\"lead\">\"Les deux secrets d'un succ\u00e8s : la qualit\u00e9 et la cr\u00e9ativit\u00e9.\"\n\n<br ><br >LGCM est n\u00e9 de la volont\u00e9 d'agir aux c\u00f4t\u00e9s d'hommes et de femmes engag\u00e9s pour l'int\u00e9r\u00eat g\u00e9n\u00e9ral.\n<\/p>\n\n<\/div>\n<\/div>\n<div  class=\"row spaced-cols content-center-sm center-sm\" data-type=\"row\">\n<div  class=\"col-sm-6 col-md-6 \">\n<div  class=\"card y-move no-padding bordered\">\n\n<img  class=\"face\" title=\"cropped-cecile-cayon-photographe-lyon-63-1.jpg\" src=\"http:\/\/lgcm.fr\/wp-content\/uploads\/2019\/05\/cropped-cecile-cayon-photographe-lyon-63-1.jpg\" alt=\"\">\n<div  class=\"col-padding-small col-padding-small-xs description-container\" data-type=\"column\">\n<h4  class=\"font-500\">La\u00ebtitia<\/h4>\n<p  class=\"small\" style=\"font-style: italic;\">Epicurienne et cr\u00e9ative, Laetitia aime tisser des liens entre les Hommes pour faire grandir et d\u00e9velopper des initiatives. Form\u00e9e en communication et des id\u00e9es plein la t\u00eate, elle met son expertise au service de vos projets. Elle aime la ferveur des \u00e9venements, les projets porteurs de sens et tout ce qui se rapproche de la gastronomie &amp; la jeunesse !\nAttach\u00e9e aux valeurs de solidarit\u00e9, partage et transmission, elle aime s'impliquer \u00e0 200% dans chacun de ses projets ! Apr\u00e8s 7 ann\u00e9es en tant que d\u00e9l\u00e9gu\u00e9e g\u00e9n\u00e9rale de la Fondation Paul Bocuse, elle cr\u00e9\u00e9e LGCM afin d'accompagner les associations tant en conseil strat\u00e9gique, qu'op\u00e9rationnel. Une nouvelle fa\u00e7on d'affirmer son engagement qui se manifeste autant dans sa vie quotidienne que dans ses ambitions professionnelles.<\/p>\n\n<p  class=\"\">Ses passions ?&nbsp;<br ><br >La restauration et la d\u00e9couverte de nouveaux produits mais aussi partager et voyager&nbsp;<br ><br >Une citation?&nbsp;<br ><br >\"\u00catre capable de trouver sa joie dans la joie de l'autre : voil\u00e0 le secret du bonheur \" (Bernanos)<\/p><\/div>\n<\/div>\n<\/div>\n<\/div>\n<\/div><div  id=\"offre\" class=\"features-12 content-section content-section-spacing \" style=\"background-color: #ffffff; background-image: none;\" data-label=\"Offre\" data-export-id=\"features-12\" data-category=\"features\" data-id=\"features--1\">\n<div  class=\"gridContainer\">\n<div  class=\"row text-center\">\n<div  class=\"section-title-col\" data-type=\"column\">\n<h2  class=\"\">Notre offre<\/h2>\n<p  class=\"lead\">Accompagner les fondations, fonds et associations\navec bienveillance et simplicit\u00e9 dans la d\u00e9finition, le d\u00e9ploiement et la valorisation de leurs projets.<br >De la r\u00e9flexion jusqu\u2019\u00e0 la mise en \u0153uvre op\u00e9rationnelle, notre accompagnement est r\u00e9alis\u00e9 \n<br >sur-mesure, en coh\u00e9rence avec vos valeurs.<\/p>\n\n<\/div>\n<\/div>\n<div  class=\"row spaced-cols\" data-type=\"row\">\n<div  class=\"col-sm-6\">\n<div  class=\"row space-bottom\">\n<div  class=\"col-sm-fit icon-column\"><\/div>\n<div  class=\"col-sm\" data-type=\"column\">\n<h5  class=\"color2\">LEVIERS DE PARTENARIAT<\/h5>\nCr\u00e9er des passerelles entre des structures aux valeurs communes et r\u00e9duire les barri\u00e8res entre le monde de l\u2019entreprise et le secteur non lucratif nous semblent indispensables.\n<h6  class=\"\"><span  style=\"caret-color: #8e9dae; color: #8e9dae; font-family: 'Open Sans', sans-serif; font-size: 16px; font-weight: normal; letter-spacing: normal;\">Nous vous accompagnons dans ces d\u00e9marches partenariales par un soutien sur mesure, de la lev\u00e9e de fonds \u00e0 la mise en place de partenariats. Le tout, avec un seul objectif, la valorisation de votre structure aupr\u00e8s des parties prenantes.<\/span><\/h6>\n<em  class=\"\">Nos r\u00e9alisations : lev\u00e9e de fonds pour la mise en place d'un restaurant social et solidaire, mise en place de convention de m\u00e9c\u00e9nat en nature pour un concours de p\u00e2tisserie en faveur de jeunes handicap\u00e9s (lieu, lots, jurys etc).<\/em>\n\n<\/div>\n<\/div>\n<\/div>\n<div  class=\"col-sm-6\">\n<div  class=\"row space-bottom\">\n<div  class=\"col-sm-fit icon-column\"><\/div>\n<div  class=\"col-sm\" data-type=\"column\">\n<h5  class=\"color2\">COMMUNICATION<\/h5>\nUn \u00e9v\u00e8nement en vue ? Envie de d\u00e9velopper votre image et pr\u00e9sence sur les r\u00e9seaux sociaux afin de f\u00e9d\u00e9rer une communaut\u00e9 autour de votre entit\u00e9 ?\n<h6  class=\"\"><span  style=\"caret-color: #8e9dae; color: #8e9dae; font-family: 'Open Sans', sans-serif; font-size: 16px; font-weight: normal; letter-spacing: normal;\">Entour\u00e9s d'\u00e9quipes sp\u00e9cialis\u00e9es, nous mettons en valeur vos actions, vos adh\u00e9rents et racontons votre histoire afin de faire rayonner votre entit\u00e9. Une identit\u00e9 forte et une image rayonnant sur le march\u00e9 afin de mettre en valeur votre marque.<\/span><\/h6>\n<em  class=\"\">Nos r\u00e9alisations : animation des r\u00e9seaux sociaux, organisation de stands sur des salons professionnels en pr\u00e9sentiel comme en digital, organisation de soir\u00e9es de gala (incluant RP, production de contenu)&amp; de s\u00e9minaires, r\u00e9aliser le rapport d'activit\u00e9 annuel...<\/em>\n\n<\/div>\n<\/div>\n<\/div>\n<div  class=\"col-sm-6\">\n<div  class=\"row space-bottom\">\n<div  class=\"col-sm-fit icon-column\"><\/div>\n<div  class=\"col-sm\" data-type=\"column\">\n<h5  class=\"color2\">GESTION DE PROJETS<\/h5>\nEnvie de d\u00e9velopper vos projets existants ou d\u2019en entreprendre de nouveaux au service du bien commun ?\n<h6  class=\"\"><span  style=\"color: #8e9dae; font-family: Open Sans, sans-serif; font-size: medium;\"><span  style=\"caret-color: #8e9dae; font-weight: normal; letter-spacing: normal;\">Nous assurons le d\u00e9veloppement, la coordination, le suivi et l'ex\u00e9cution de vos projets. Acompagnement op\u00e9rationnel, aide au management de projets, soutien aux \u00e9quipes sur le terrain et recherche d'opportunit\u00e9s pour une croissance durable sont autant de cordes \u00e0 notre arc.<\/span><\/span><\/h6>\n<em  class=\"\">Nos r\u00e9alisations : d\u00e9veloppement et pilotage d'ateliers d'initiation aux m\u00e9tiers \u00e0 destination des coll\u00e9giens, &nbsp;organisation d'un caf\u00e9 de l'emploi pour des demandeurs d'asile, mise en place d'un jardin partag\u00e9&nbsp;<\/em>\n\n<\/div>\n<\/div>\n<\/div>\n<div  class=\"col-sm-6\">\n<div  class=\"row space-bottom\">\n<div  class=\"col-sm-fit icon-column\"><\/div>\n<div  class=\"col-sm\" data-type=\"column\">\n<h5  class=\"color2\">MODERATION DE RESEAUX<\/h5>\nFondations, associations et autres acteurs de l\u2019\u00e9conomie sociale et solidaire, vous souhaitez ancrer davantage votre organisation sur le territoire aupr\u00e8s des acteurs cl\u00e9s de votre secteur ?\n<h6  class=\"\"><span  style=\"caret-color: #8e9dae; color: #8e9dae; font-family: 'Open Sans', sans-serif; font-size: 16px; font-weight: normal; letter-spacing: normal;\">Nous vous proposons de travailler au rayonnement de votre structure au sein de l'\u00e9cosyst\u00e8me de votre entit\u00e9.<\/span><\/h6>\n<em  class=\"\">Nos r\u00e9alisations : animation d'un r\u00e9seau professionnel par des afterworks mensuel, cr\u00e9ation d'une ligne d'objets d\u00e9riv\u00e9s pour f\u00e9d\u00e9rer les membres de l'association, mise en place d'une newsletter<\/em>\n\n<\/div>\n<\/div>\n<\/div>\n<\/div>\n<\/div>\n<\/div><div  id=\"references\" class=\"clients-4 content-section content-section-spacing-small\" style=\"background-color: #ffffff; background-image: none;\" data-label=\"References\" data-export-id=\"clients-4\" data-category=\"clients\" data-id=\"clients-4\">\n<div  class=\"gridContainer\">\n<div  class=\"row\">\n<div  class=\"section-title-col\" data-type=\"column\">\n<h2  class=\"font-700\">Ils nous font confiance<\/h2>\n<\/div>\n<\/div>\n<\/div>\n<div  class=\"row spaced-cols middle-xs center-xs space-bottom\" data-type=\"row\">\n<div  class=\"col-xs-6 col-sm-2\"><\/div>\n<div  class=\"col-xs-6 col-sm-2\"><a class=\"\" href=\"https:\/\/www.fondation-ove.fr\" target=\"_blank\" rel=\"noopener noreferrer\" data-cp-link=\"1\"><img  class=\"\" title=\"cropped-FyC8oObo_400x400.jpg\" src=\"http:\/\/lgcm.fr\/wp-content\/uploads\/2020\/03\/cropped-FyC8oObo_400x400.jpg\" alt=\"\"><\/a><img  class=\"custom-image\" title=\"cropped-01.png\" src=\"http:\/\/lgcm.fr\/wp-content\/uploads\/2020\/06\/cropped-01.png\" alt=\"\"><\/div>\n<div  class=\"col-xs-6 col-sm-2\"><a class=\"\" href=\"https:\/\/www.studis.fr\" target=\"_blank\" rel=\"noopener noreferrer\" data-cp-link=\"1\"><img loading=\"lazy\"  class=\"\" src=\"http:\/\/lgcm.fr\/wp-content\/uploads\/2019\/03\/cropped-Capture-d\u2019\u00e9cran-2019-03-14-\u00e0-11.10.29-1.png\" width=\"326\" height=\"293\"> <img loading=\"lazy\"  class=\"alignnone size-full wp-image-543\" src=\"http:\/\/lgcm.fr\/wp-content\/uploads\/2021\/04\/amis-e-brazier.png\" alt=\"\" width=\"267\" height=\"189\"><\/a><\/div>\n<div  class=\"col-xs-6 col-sm-2\"><a class=\"\" href=\"https:\/\/www.eclatdefrance.com\" target=\"_blank\" rel=\"noopener noreferrer\" data-cp-link=\"1\"><img  class=\"\" src=\"http:\/\/lgcm.fr\/wp-content\/uploads\/2020\/03\/cropped-images-1.png\"><\/a>\n<h5  class=\"\"><img loading=\"lazy\"  class=\"alignnone size-medium wp-image-540\" src=\"http:\/\/lgcm.fr\/wp-content\/uploads\/2021\/04\/Capture-d\u2019\u00e9cran-2021-04-01-\u00e0-11.43.42-1-300x217.png\" alt=\"\" width=\"300\" height=\"217\" srcset=\"http:\/\/lgcm.fr\/wp-content\/uploads\/2021\/04\/Capture-d\u2019\u00e9cran-2021-04-01-\u00e0-11.43.42-1-300x217.png 300w, http:\/\/lgcm.fr\/wp-content\/uploads\/2021\/04\/Capture-d\u2019\u00e9cran-2021-04-01-\u00e0-11.43.42-1.png 561w\" sizes=\"(max-width: 300px) 100vw, 300px\"><\/h5>\n<\/div>\n<div  class=\"col-xs-6 col-sm-2\"><a class=\"\" href=\"https:\/\/fr.valrhona.com\/fonds-solidaire-valrhona\" target=\"_blank\" rel=\"noopener noreferrer\" data-cp-link=\"1\"><img loading=\"lazy\"  class=\"\" title=\"cropped-images.png\" src=\"http:\/\/lgcm.fr\/wp-content\/uploads\/2020\/06\/cropped-Sans-titre.png\" alt=\"\" width=\"334\" height=\"400\"><\/a><\/div>\n<\/div>\n<\/div><div  id=\"contact\" class=\"features-16 content-section content-section-spacing\" style=\"background-color: #f5fafd; background-image: url('http:\/\/lgcm.fr\/wp-content\/uploads\/2019\/05\/cecile-cayon-photographe-aube-lyon-2nb2.png'); background-size: cover; background-position: center top;\" data-label=\"Contact\" data-export-id=\"features-16\" data-category=\"features\" data-id=\"features--2\">\n<div  class=\"row text-center\">\n<div  class=\"section-title-col\" data-type=\"column\">\n<h4  style=\"text-align: left;\" class=\"\"><span  style=\"caret-color: #ffffff; color: #ffffff; font-size: inherit; text-align: center;\">\"Pour ce qui est de l'avenir, il ne s'agit pas de le pr\u00e9voir mais de le rendre possible.\" St Exup\u00e9ry<\/span><\/h4>\n<h4  style=\"text-align: left;\" class=\"\">Chaque projet est unique, &nbsp;rencontrons-nous pour en discuter !<\/h4>\n\n<\/div>\n<\/div>\n<div  class=\"row spaced-cols content-center-sm\" data-type=\"row\">\n<div  class=\"col-xs-12 col-sm-6 space-bottom col-md-6\">\n<h4  style=\"text-align: center;\" class=\"\"><\/h4>\n<\/div>\n<div  class=\"col-xs-12 col-sm-6 space-bottom col-md-6 \">\n<div  class=\"col-padding-small col-padding-small-xs description-container\" data-type=\"column\"><\/div>\n<\/div>\n<\/div>\n<\/div>","protected":false},"excerpt":{"rendered":"<p>Une fondatrice passionn\u00e9e \u00ab\u00a0Les deux secrets d&rsquo;un succ\u00e8s : la qualit\u00e9 et la cr\u00e9ativit\u00e9.\u00a0\u00bb LGCM est n\u00e9 de la volont\u00e9 d&rsquo;agir aux c\u00f4t\u00e9s d&rsquo;hommes et de femmes engag\u00e9s pour l&rsquo;int\u00e9r\u00eat g\u00e9n\u00e9ral. La\u00ebtitia Epicurienne et cr\u00e9ative, Laetitia aime tisser des liens entre les Hommes pour faire grandir et d\u00e9velopper des initiatives. Form\u00e9e en communication et des&hellip; <br \/> <a class=\"read-more\" href=\"https:\/\/lgcm.fr\/\">Lire la suite<\/a><\/p>\n","protected":false},"author":1,"featured_media":0,"parent":0,"menu_order":0,"comment_status":"closed","ping_status":"closed","template":"page-templates\/homepage.php","meta":[],"_links":{"self":[{"href":"https:\/\/lgcm.fr\/index.php\/wp-json\/wp\/v2\/pages\/5"}],"collection":[{"href":"https:\/\/lgcm.fr\/index.php\/wp-json\/wp\/v2\/pages"}],"about":[{"href":"https:\/\/lgcm.fr\/index.php\/wp-json\/wp\/v2\/types\/page"}],"author":[{"embeddable":true,"href":"https:\/\/lgcm.fr\/index.php\/wp-json\/wp\/v2\/users\/1"}],"replies":[{"embeddable":true,"href":"https:\/\/lgcm.fr\/index.php\/wp-json\/wp\/v2\/comments?post=5"}],"version-history":[{"count":145,"href":"https:\/\/lgcm.fr\/index.php\/wp-json\/wp\/v2\/pages\/5\/revisions"}],"predecessor-version":[{"id":565,"href":"https:\/\/lgcm.fr\/index.php\/wp-json\/wp\/v2\/pages\/5\/revisions\/565"}],"wp:attachment":[{"href":"https:\/\/lgcm.fr\/index.php\/wp-json\/wp\/v2\/media?parent=5"}],"curies":[{"name":"wp","href":"https:\/\/api.w.org\/{rel}","templated":true}]}}